omposite number?
True
Is 64508278357 a composite number?
False
Is 2994682393 a prime number?
True
Is 43280448581 a prime number?
True
Is 58860485951 a composite number?
False
Is 1533733087 composite?
False
Is 521811217 composite?
True
Is 12411010097 composite?
True
Is 341745121 a composite number?
False
Is 3204553463 prime?
True
Is 131644549433 a prime number?
True
Is 188497429 composite?
True
Is 48309029297 composite?
False
Is 14773307693 a composite number?
False
Is 35569082105 composite?
True
Is 1629953333 a prime number?
True
Is 175593653 composite?
True
Is 11694704669 a composite number?
True
Is 9770099621 composite?
True
Is 138018050327 a composite number?
False
Is 15994118339 prime?
True
Is 2998973597 a composite number?
True
Is 9622087757 a composite number?
True
Is 1270537379 prime?
True
Is 2083329737 composite?
False
Is 1384874707 prime?
True
Is 1622754563 prime?
False
Is 1974859783 a prime number?
False
Is 1208642243 a composite number?
True
Is 19827260347 prime?
True
Is 13629387283 a composite number?
False
Is 9107735267 a prime number?
True
Is 1663814471 a composite number?
True
Is 3224562301 a composite number?
True
Is 32086669 prime?
True
Is 4439132179 prime?
True
Is 6329642327 a composite number?
True
Is 37901082463 prime?
False
Is 788914043 prime?
True
Is 8101682867 a prime number?
False
Is 3399448303 prime?
True
Is 6839947879 prime?
False
Is 7349001719 a composite number?
False
Is 3132054661 a composite number?
False
Is 7189426939 composite?
True
Is 224300197271 prime?
True
Is 4491684287 composite?
False
Is 27966357607 prime?
False
Is 793421101 a composite number?
True
Is 3494976923 a composite number?
True
Is 1254267401 a prime number?
True
Is 14457137 a composite number?
False
Is 11448014849 a prime number?
False
Is 3790028217 composite?
True
Is 1145427586 a composite number?
True
Is 88693152511 a prime number?
False
Is 10879900651 a prime number?
True
Is 882806597 prime?
False
Is 26360061313 prime?
True
Is 95482149671 a prime number?
True
Is 814481861 prime?
False
Is 127862393 composite?
True
Is 4852360993 a prime number?
False
Is 294413887483 composite?
False
Is 721779151 a prime number?
False
Is 3774181217 a prime number?
True
Is 42777028367 a prime number?
True
Is 165400961239 a prime number?
True
Is 7263953913 a prime number?
False
Is 508426861 composite?
True
Is 1416502653 a prime number?
False
Is 1748697967 a composite number?
False
Is 10691830889 a prime number?
True
Is 602425891 a composite number?
False
Is 1032237461 a prime number?
False
Is 93198871 composite?
False
Is 1164238139 a prime number?
False
Is 5676883987 a composite number?
False
Is 2352307987 a prime number?
False
Is 777180193 prime?
False
Is 256737721 prime?
False
Is 10800260462 a prime number?
False
Is 10612979183 composite?
True
Is 862331273 prime?
False
Is 4433814741 a composite number?
True
Is 3086784353 composite?
False
Is 225061253 a prime number?
True
Is 2546856985 composite?
True
Is 673331293 a composite number?
False
Is 86574155 composite?
True
Is 50229821657 prime?
True
Is 1328860045 a prime number?
False
Is 1272554911 prime?
True
Is 1498566185 prime?
False
Is 14601192517 composite?
False
Is 5365717423 prime?
False
Is 2518610401 prime?
False
Is 184319111 prime?
True
Is 5128616111 composite?
False
Is 228013183 a composite number?
False
Is 68245120337 composite?
False
Is 39382778413 a composite number?
True
Is 3820867621 a prime number?
False
Is 3497822389 a prime number?
True
Is 54665366321 a prime number?
False
Is 4972182563 composite?
True
Is 809245067 a composite number?
True
Is 1219742081 composite?
False
Is 16392334481 composite?
True
Is 166583315135 composite?
True
Is 3664015097 a prime number?
True
Is 2241263111 a prime number?
False
Is 559426733 composite?
True
Is 154179722 a prime number?
False
Is 16100550761 a composite number?
True
Is 25112846963 a composite number?
False
Is 2049756087 a composite number?
True
Is 8213759549 a prime number?
False
Is 6428441737 composite?
False
Is 81129841 a composite number?
True
Is 4260886754 composite?
True
Is 3823519423 prime?
True
Is 5606282657 composite?
False
Is 3886033 prime?
False
Is 4568061749 composite?
False
Is 185470840039 composite?
False
Is 1279188527 composite?
False
Is 13073245307 a composite number?
False
Is 51613459441 a prime number?
True
Is 953188063 composite?
False
Is 13536364385 prime?
False
Is 2515575911 a prime number?
True
Is 421912567 prime?
True
Is 95142959 a prime number?
True
Is 28206746033 a prime number?
True
Is 214678164959 a composite number?
True
Is 1928833831 a composite number?
False
Is 855023509 composite?
True
Is 7027347143 composite?
False
Is 67291859659 prime?
True
Is 865556333 a prime number?
True
Is 8991559397 a prime number?
False
Is 11622329359 prime?
True
Is 832930069 a composite number?
False
Is 607953539 composite?
False
Is 4372525973 a prime number?
True
Is 30559725397 prime?
True
Is 4746196963 composite?
True
Is 83755117 a composite number?
True
Is 71560495103 a composite number?
False
Is 8483372971 prime?
True
Is 1513864613 a composite number?
False
Is 180393977 a prime number?
True
Is 64310100059 a prime number?
True
Is 3798642713 prime?
True
Is 841749739 prime?
True
Is 163784131 prime?
False
Is 19420631257 a composite number?
True
Is 3120777743 a prime number?
True
Is 1230755423 a prime number?
True
Is 3117266953 a composite number?
True
Is 3876363301 a prime number?
True
Is 225436713 a composite number?
True
Is 1015227617 prime?
False
Is 232831363 prime?
False
Is 844041091 a composite number?
True
Is 16742029949 composite?
True
Is 2386621317 a composite number?
True
Is 2244957167 a composite number?
True
Is 16637064503 a prime number?
True
Is 472070233 composite?
False
Is 26815805867 composite?
True
Is 16240625935 prime?
False
Is 30725656067 prime?
False
Is 11318859397 a composite number?
False
Is 5798300843 prime?
True
Is 21699901 composite?
False
Is 17787125729 composite?
True
Is 77357393 composite?
True
Is 761062153 a composite number?
False
Is 37848787841 prime?
False
Is 865030841 a prime number?
False
Is 163476088351 a prime number?
True
Is 20615271701 prime?
False
Is 183071094047 a composite number?
False
Is 103174460671 composite?
True
Is 1466078434 prime?
False
Is 242135939 a composite number?
False
Is 50316632699 prime?
True
Is 7210065217 a composite number?
False
Is 64485527849 composite?
False
Is 5233577641 prime?
True
Is 37387127669 a prime number?
False
Is 101029945323 prime?
False
Is 206405365 a composite number?
True
Is 225968167 prime?
True
Is 20888022895 a prime number?
False
Is 93505858757 prime?
True
Is 22397175457 prime?
False
Is 4497429091 a prime number?
False
Is 5721272213 a composite number?
False
Is 5933488909 a composite number?
False
Is 175207994963 a prime number?
False
Is 729368005 a prime number?
False
Is 1225679803 prime?
False
Is 1716369581 a prime number?
True
Is 26844596341 a composite number?
True
Is 2432607679 a composite number?
False
Is 1479674347 composite?
False
Is 1572662363 composite?
False
Is 392980589 prime?
False
Is 918128039 prime?
True
Is 285741503 composite?
False
Is 1279063859 composite?
False
Is 770237771 composite?
False
Is 1420654601 composite?
False
Is 2730699541 a prime number?
False
Is 12231001451 prime?
True
Is 24647485227 a prime number?
False
Is 38741539861 a composite number?
True
Is 17874189757 a prime number?
True
Is 1458511603 a prime number?
False
Is 51522407 a composite number?
False
Is 6138653611 composite?
False
Is 8748857347 a composite number?
True
Is 2732811019 a composite number?
True
Is 120622889 composite?
False
Is 5105369914 composite?
True
Is 3718117189 a prime number?
True
Is 36109144543 prime?
False
Is 624909199 a prime number?
True
Is 999625013 composite?
True
Is 6336383761 a prime number?
False
Is 73587777737 a composite number?
False
Is 902478911 a composite number?
False
Is 913796491 a prime number?
True
Is 2116774661 a composite number?
True
Is 271309981 composite?
True
Is 4230370673 prime?
True
Is 862511093 composite?
False
Is 365467931 composite?
False
Is 6543663173 prime?
False
Is 1587624617 prime?
True
Is 10571146247 prime?
True
Is 43751845219 prime?
True
Is 2329072579 prime?
False
Is 6893106487 prime?
True
Is 1055137933 a prime number?
True
Is 5316617759 a